{"id":443,"date":"2025-02-19T20:58:36","date_gmt":"2025-02-19T18:58:36","guid":{"rendered":"https:\/\/www.tiihelina.com\/?page_id=443"},"modified":"2025-09-14T20:32:44","modified_gmt":"2025-09-14T17:32:44","slug":"arctica-5","status":"publish","type":"page","link":"https:\/\/www.tiihelina.com\/?page_id=443&lang=fi","title":{"rendered":"Arctica"},"content":{"rendered":"\n<p>Aloin kuvaamaan Arctica-sarjaa vuonna 2021, ja tavoitteenani on jatkaa kuvaamista tulevaisuudessakin.<\/p>\n\n\n\n<p>Haluan tuoda esiin arktisen alueen ainutlaatuisen kauneuden ja samalla korostaa ilmastonmuutoksen vaikutuksia erityisesti maapallon pohjoisilla alueilla. Arktinen alue l\u00e4mpenee kolme kertaa nopeammin kuin maapallo keskim\u00e4\u00e4rin, ja arktisten alueiden l\u00e4mpeneminen vaikuttaa merkitt\u00e4v\u00e4sti koko planeetan el\u00e4m\u00e4\u00e4n.<\/p>\n\n\n\n<p>Erityisesti valokuvaan lunta ja j\u00e4\u00e4t\u00e4. Haluan tallentaa elementtej\u00e4, jotka ehk\u00e4 tulevaisuudessa katoavat meilt\u00e4 kokonaan.<\/p>\n\n\n\n<p>My\u00f6s ihminen on metafyysisesti l\u00e4sn\u00e4 kuvissa: uskon, ett\u00e4 valon m\u00e4\u00e4r\u00e4n voimakas vaihtelu \u2013 puolen vuoden pimeys ja keskiy\u00f6n aurinko \u2013 pitkien talvien kylmyys ja muut arktiset olosuhteet vaikuttavat identiteettiimme ja sielunmaisemaamme monin eri tavoin. Tietenkin my\u00f6s ihmisen toiminnan vaikutuksia ilmastoon on syyt\u00e4 pohtia.<\/p>\n\n\n\n<figure class=\"wp-block-gallery has-nested-images columns-default is-cropped wp-block-gallery-1 is-layout-flex wp-block-gallery-is-layout-flex\">\n<figure class=\"wp-block-image size-large\"><img loading=\"lazy\" decoding=\"async\" width=\"1024\" height=\"683\" data-id=\"18\" src=\"https:\/\/www.tiihelina.com\/wp-content\/uploads\/2023\/02\/20211124_tiituv_Arctica-1_2021_mg_-8026TiituV_Jaatyneet_syksy_2021114_MG_8026-1024x683.jpg\" alt=\"\" class=\"wp-image-18\" srcset=\"https:\/\/www.tiihelina.com\/wp-content\/uploads\/2023\/02\/20211124_tiituv_Arctica-1_2021_mg_-8026TiituV_Jaatyneet_syksy_2021114_MG_8026-1024x683.jpg 1024w, https:\/\/www.tiihelina.com\/wp-content\/uploads\/2023\/02\/20211124_tiituv_Arctica-1_2021_mg_-8026TiituV_Jaatyneet_syksy_2021114_MG_8026-300x200.jpg 300w, https:\/\/www.tiihelina.com\/wp-content\/uploads\/2023\/02\/20211124_tiituv_Arctica-1_2021_mg_-8026TiituV_Jaatyneet_syksy_2021114_MG_8026-768x512.jpg 768w, https:\/\/www.tiihelina.com\/wp-content\/uploads\/2023\/02\/20211124_tiituv_Arctica-1_2021_mg_-8026TiituV_Jaatyneet_syksy_2021114_MG_8026-1536x1024.jpg 1536w, https:\/\/www.tiihelina.com\/wp-content\/uploads\/2023\/02\/20211124_tiituv_Arctica-1_2021_mg_-8026TiituV_Jaatyneet_syksy_2021114_MG_8026-2048x1365.jpg 2048w, https:\/\/www.tiihelina.com\/wp-content\/uploads\/2023\/02\/20211124_tiituv_Arctica-1_2021_mg_-8026TiituV_Jaatyneet_syksy_2021114_MG_8026-1140x760.jpg 1140w\" sizes=\"auto, (max-width: 1024px) 100vw, 1024px\" \/><\/figure>\n<figcaption class=\"blocks-gallery-caption wp-element-caption\">Arctica, 2021<\/figcaption><\/figure>\n\n\n\n<figure class=\"wp-block-gallery has-nested-images columns-default is-cropped wp-block-gallery-2 is-layout-flex wp-block-gallery-is-layout-flex\">\n<figure class=\"wp-block-image size-large\"><img loading=\"lazy\" decoding=\"async\" width=\"1024\" height=\"683\" data-id=\"90\" src=\"https:\/\/www.tiihelina.com\/wp-content\/uploads\/2023\/02\/1.-20220505_tiituv_Valo-sataa-pois_mg_8008Tiituv_Arctica-1024x683.jpg\" alt=\"\" class=\"wp-image-90\" srcset=\"https:\/\/www.tiihelina.com\/wp-content\/uploads\/2023\/02\/1.-20220505_tiituv_Valo-sataa-pois_mg_8008Tiituv_Arctica-1024x683.jpg 1024w, https:\/\/www.tiihelina.com\/wp-content\/uploads\/2023\/02\/1.-20220505_tiituv_Valo-sataa-pois_mg_8008Tiituv_Arctica-300x200.jpg 300w, https:\/\/www.tiihelina.com\/wp-content\/uploads\/2023\/02\/1.-20220505_tiituv_Valo-sataa-pois_mg_8008Tiituv_Arctica-768x512.jpg 768w, https:\/\/www.tiihelina.com\/wp-content\/uploads\/2023\/02\/1.-20220505_tiituv_Valo-sataa-pois_mg_8008Tiituv_Arctica-1536x1024.jpg 1536w, https:\/\/www.tiihelina.com\/wp-content\/uploads\/2023\/02\/1.-20220505_tiituv_Valo-sataa-pois_mg_8008Tiituv_Arctica-2048x1365.jpg 2048w\" sizes=\"auto, (max-width: 1024px) 100vw, 1024px\" \/><\/figure>\n<figcaption class=\"blocks-gallery-caption wp-element-caption\">Valo sataa pois (Marraskuu), 2021<\/figcaption><\/figure>\n\n\n\n<figure class=\"wp-block-gallery has-nested-images columns-default is-cropped wp-block-gallery-3 is-layout-flex wp-block-gallery-is-layout-flex\">\n<figure class=\"wp-block-image size-large\"><img loading=\"lazy\" decoding=\"async\" width=\"683\" height=\"1024\" data-id=\"92\" src=\"https:\/\/www.tiihelina.com\/wp-content\/uploads\/2023\/02\/12.-20220316_tiituv_Kinos_mg_-0145TiituV_Arctica160_MG_0145-683x1024.jpg\" alt=\"\" class=\"wp-image-92\" srcset=\"https:\/\/www.tiihelina.com\/wp-content\/uploads\/2023\/02\/12.-20220316_tiituv_Kinos_mg_-0145TiituV_Arctica160_MG_0145-683x1024.jpg 683w, https:\/\/www.tiihelina.com\/wp-content\/uploads\/2023\/02\/12.-20220316_tiituv_Kinos_mg_-0145TiituV_Arctica160_MG_0145-200x300.jpg 200w, https:\/\/www.tiihelina.com\/wp-content\/uploads\/2023\/02\/12.-20220316_tiituv_Kinos_mg_-0145TiituV_Arctica160_MG_0145-768x1152.jpg 768w, https:\/\/www.tiihelina.com\/wp-content\/uploads\/2023\/02\/12.-20220316_tiituv_Kinos_mg_-0145TiituV_Arctica160_MG_0145-1024x1536.jpg 1024w, https:\/\/www.tiihelina.com\/wp-content\/uploads\/2023\/02\/12.-20220316_tiituv_Kinos_mg_-0145TiituV_Arctica160_MG_0145-1365x2048.jpg 1365w, https:\/\/www.tiihelina.com\/wp-content\/uploads\/2023\/02\/12.-20220316_tiituv_Kinos_mg_-0145TiituV_Arctica160_MG_0145-scaled.jpg 1707w\" sizes=\"auto, (max-width: 683px) 100vw, 683px\" \/><\/figure>\n<figcaption class=\"blocks-gallery-caption wp-element-caption\">Kinos, 2022<\/figcaption><\/figure>\n\n\n\n<figure class=\"wp-block-gallery has-nested-images columns-default is-cropped wp-block-gallery-4 is-layout-flex wp-block-gallery-is-layout-flex\">\n<figure class=\"wp-block-image size-large\"><img loading=\"lazy\" decoding=\"async\" width=\"683\" height=\"1024\" data-id=\"93\" src=\"https:\/\/www.tiihelina.com\/wp-content\/uploads\/2023\/02\/13.-20220515_tiituv_Kinos-II_mg_0158Tiituv_Arctica-683x1024.jpg\" alt=\"\" class=\"wp-image-93\" srcset=\"https:\/\/www.tiihelina.com\/wp-content\/uploads\/2023\/02\/13.-20220515_tiituv_Kinos-II_mg_0158Tiituv_Arctica-683x1024.jpg 683w, https:\/\/www.tiihelina.com\/wp-content\/uploads\/2023\/02\/13.-20220515_tiituv_Kinos-II_mg_0158Tiituv_Arctica-200x300.jpg 200w, https:\/\/www.tiihelina.com\/wp-content\/uploads\/2023\/02\/13.-20220515_tiituv_Kinos-II_mg_0158Tiituv_Arctica-768x1152.jpg 768w, https:\/\/www.tiihelina.com\/wp-content\/uploads\/2023\/02\/13.-20220515_tiituv_Kinos-II_mg_0158Tiituv_Arctica-1024x1536.jpg 1024w, https:\/\/www.tiihelina.com\/wp-content\/uploads\/2023\/02\/13.-20220515_tiituv_Kinos-II_mg_0158Tiituv_Arctica-1365x2048.jpg 1365w, https:\/\/www.tiihelina.com\/wp-content\/uploads\/2023\/02\/13.-20220515_tiituv_Kinos-II_mg_0158Tiituv_Arctica-scaled.jpg 1707w\" sizes=\"auto, (max-width: 683px) 100vw, 683px\" \/><\/figure>\n<figcaption class=\"blocks-gallery-caption wp-element-caption\">Kinos II, 2022<\/figcaption><\/figure>\n\n\n\n<figure class=\"wp-block-image size-large\"><img loading=\"lazy\" decoding=\"async\" width=\"1024\" height=\"683\" src=\"https:\/\/www.tiihelina.com\/wp-content\/uploads\/2025\/09\/Jaakukat-Tiitu-V-Arctica-pieni-koko-1024x683.jpg\" alt=\"\" class=\"wp-image-617\" srcset=\"https:\/\/www.tiihelina.com\/wp-content\/uploads\/2025\/09\/Jaakukat-Tiitu-V-Arctica-pieni-koko-1024x683.jpg 1024w, https:\/\/www.tiihelina.com\/wp-content\/uploads\/2025\/09\/Jaakukat-Tiitu-V-Arctica-pieni-koko-300x200.jpg 300w, https:\/\/www.tiihelina.com\/wp-content\/uploads\/2025\/09\/Jaakukat-Tiitu-V-Arctica-pieni-koko-768x512.jpg 768w, https:\/\/www.tiihelina.com\/wp-content\/uploads\/2025\/09\/Jaakukat-Tiitu-V-Arctica-pieni-koko-1536x1024.jpg 1536w, https:\/\/www.tiihelina.com\/wp-content\/uploads\/2025\/09\/Jaakukat-Tiitu-V-Arctica-pieni-koko-2048x1365.jpg 2048w, https:\/\/www.tiihelina.com\/wp-content\/uploads\/2025\/09\/Jaakukat-Tiitu-V-Arctica-pieni-koko-640x427.jpg 640w\" sizes=\"auto, (max-width: 1024px) 100vw, 1024px\" \/><figcaption class=\"wp-element-caption\">J\u00e4\u00e4kukat, 2021<\/figcaption><\/figure>\n\n\n<div class=\"wp-block-image\">\n<figure class=\"aligncenter size-large\"><img loading=\"lazy\" decoding=\"async\" width=\"683\" height=\"1024\" src=\"https:\/\/www.tiihelina.com\/wp-content\/uploads\/2024\/04\/tiituv_Jaapuikko_-pieni-koko-683x1024.jpg\" alt=\"\" class=\"wp-image-194\" srcset=\"https:\/\/www.tiihelina.com\/wp-content\/uploads\/2024\/04\/tiituv_Jaapuikko_-pieni-koko-683x1024.jpg 683w, https:\/\/www.tiihelina.com\/wp-content\/uploads\/2024\/04\/tiituv_Jaapuikko_-pieni-koko-200x300.jpg 200w, https:\/\/www.tiihelina.com\/wp-content\/uploads\/2024\/04\/tiituv_Jaapuikko_-pieni-koko-768x1152.jpg 768w, https:\/\/www.tiihelina.com\/wp-content\/uploads\/2024\/04\/tiituv_Jaapuikko_-pieni-koko-1024x1536.jpg 1024w, https:\/\/www.tiihelina.com\/wp-content\/uploads\/2024\/04\/tiituv_Jaapuikko_-pieni-koko-1365x2048.jpg 1365w, https:\/\/www.tiihelina.com\/wp-content\/uploads\/2024\/04\/tiituv_Jaapuikko_-pieni-koko-scaled.jpg 1707w\" sizes=\"auto, (max-width: 683px) 100vw, 683px\" \/><figcaption class=\"wp-element-caption\">J\u00e4\u00e4puikko, 2023<\/figcaption><\/figure>\n<\/div>","protected":false},"excerpt":{"rendered":"<p>Aloin kuvaamaan Arctica-sarjaa vuonna 2021, ja tavoitteenani on jatkaa kuvaamista tulevaisuudessakin. Haluan tuoda esiin arktisen alueen ainutlaatuisen kauneuden ja samalla korostaa ilmastonmuutoksen vaikutuksia erityisesti maapallon pohjoisilla alueilla. Arktinen alue l\u00e4mpenee<\/p>\n<p class=\"more-link\"><a href=\"https:\/\/www.tiihelina.com\/?page_id=443&#038;lang=fi\" class=\"readmore\">Continue reading<svg class=\"icon icon-arrow-right\" aria-hidden=\"true\" role=\"img\"> <use href=\"#icon-arrow-right\" xlink:href=\"#icon-arrow-right\"><\/use> <\/svg><span class=\"screen-reader-text\">Arctica<\/span><\/a><\/p>\n","protected":false},"author":1,"featured_media":0,"parent":0,"menu_order":0,"comment_status":"closed","ping_status":"closed","template":"","meta":{"footnotes":""},"class_list":["post-443","page","type-page","status-publish","hentry"],"_links":{"self":[{"href":"https:\/\/www.tiihelina.com\/index.php?rest_route=\/wp\/v2\/pages\/443","targetHints":{"allow":["GET"]}}],"collection":[{"href":"https:\/\/www.tiihelina.com\/index.php?rest_route=\/wp\/v2\/pages"}],"about":[{"href":"https:\/\/www.tiihelina.com\/index.php?rest_route=\/wp\/v2\/types\/page"}],"author":[{"embeddable":true,"href":"https:\/\/www.tiihelina.com\/index.php?rest_route=\/wp\/v2\/users\/1"}],"replies":[{"embeddable":true,"href":"https:\/\/www.tiihelina.com\/index.php?rest_route=%2Fwp%2Fv2%2Fcomments&post=443"}],"version-history":[{"count":4,"href":"https:\/\/www.tiihelina.com\/index.php?rest_route=\/wp\/v2\/pages\/443\/revisions"}],"predecessor-version":[{"id":618,"href":"https:\/\/www.tiihelina.com\/index.php?rest_route=\/wp\/v2\/pages\/443\/revisions\/618"}],"wp:attachment":[{"href":"https:\/\/www.tiihelina.com\/index.php?rest_route=%2Fwp%2Fv2%2Fmedia&parent=443"}],"curies":[{"name":"wp","href":"https:\/\/api.w.org\/{rel}","templated":true}]}}